{"id":720,"date":"2026-02-13T08:25:33","date_gmt":"2026-02-13T07:25:33","guid":{"rendered":"https:\/\/demo.academiathemes.com\/cityhall-cityhall\/?page_id=720"},"modified":"2026-03-10T03:46:58","modified_gmt":"2026-03-10T02:46:58","slug":"rewilding","status":"publish","type":"page","link":"https:\/\/naturogmad.dk\/index.php\/ud-i-naturen\/rewilding\/","title":{"rendered":"Rewilding"},"content":{"rendered":"<p>Rewilding er en \u00f8kosystem-genopretningstilgang og betegnelse for processen at genforvilde et \u00f8kosystem til at indeholde elementer karakteriseret ved vilde \u00f8kosystemer.<\/p>\n<p>Den proces indeholder faktorer der minimerer menneskers udtagninger eller tilf\u00f8relser i \u00f8kosystemet samt faktorer der maksimerer naturlige processer og den \u00f8kologiske integritet, herunder spredningsmuligheder, naturlige forstyrrelser og kompleksitet i samfundet af store dyr .<\/p>\n<p>Trofisk rewilding sigter efter at \u00f8ge \u00f8kologisk integritet ved at genuds\u00e6tte store arter for at genetablere trofiske interaktioner i \u00f8kosystemet, der kan fremme en h\u00f8jere grad af selvregulerede \u00f8kosystemer.<\/p>\n<p>Kildehenvisning:<\/p>\n<p> \u201cRewilding\u201d<br \/>\n wikipedia.org<br \/>\n<a href=\"https:\/\/da.wikipedia.org\/wiki\/Rewilding\" target=\"_blank\">https:\/\/da.wikipedia.org\/wiki\/Rewilding<\/a><\/p>\n","protected":false},"excerpt":{"rendered":"<p>Rewilding er en \u00f8kosystem-genopretningstilgang og betegnelse for processen at genforvilde et \u00f8kosystem til at indeholde elementer karakteriseret ved vilde \u00f8kosystemer. Den proces indeholder faktorer der minimerer menneskers udtagninger eller tilf\u00f8relser&hellip;<\/p>\n","protected":false},"author":1,"featured_media":1356,"parent":591,"menu_order":0,"comment_status":"closed","ping_status":"closed","template":"","meta":{"footnotes":""},"class_list":["post-720","page","type-page","status-publish","has-post-thumbnail","hentry"],"yoast_head":"<!-- This site is optimized with the Yoast SEO Premium plugin v27.4 (Yoast SEO v27.4) - https:\/\/yoast.com\/product\/yoast-seo-premium-wordpress\/ -->\n<title>Rewilding - Natur og mad<\/title>\n<meta name=\"description\" content=\"Rewilding er en \u00f8kosystem-genopretningstilgang og betegnelse for processen at genforvilde et \u00f8kosystem til at indeholde elementer\" \/>\n<meta name=\"robots\" content=\"index, follow, max-snippet:-1, max-image-preview:large, max-video-preview:-1\" \/>\n<link rel=\"canonical\" href=\"https:\/\/naturogmad.dk\/index.php\/ud-i-naturen\/rewilding\/\" \/>\n<meta property=\"og:locale\" content=\"da_DK\" \/>\n<meta property=\"og:type\" content=\"article\" \/>\n<meta property=\"og:title\" content=\"Rewilding\" \/>\n<meta property=\"og:description\" content=\"Rewilding er en \u00f8kosystem-genopretningstilgang og betegnelse for processen at genforvilde et \u00f8kosystem til at indeholde elementer\" \/>\n<meta property=\"og:url\" content=\"https:\/\/naturogmad.dk\/index.php\/ud-i-naturen\/rewilding\/\" \/>\n<meta property=\"og:site_name\" content=\"Natur og mad\" \/>\n<meta property=\"article:modified_time\" content=\"2026-03-10T02:46:58+00:00\" \/>\n<meta property=\"og:image\" content=\"https:\/\/naturogmad.dk\/wp-content\/uploads\/2026\/03\/Hoejlandskvaeg_1.webp\" \/>\n\t<meta property=\"og:image:width\" content=\"1600\" \/>\n\t<meta property=\"og:image:height\" content=\"575\" \/>\n\t<meta property=\"og:image:type\" content=\"image\/webp\" \/>\n<meta name=\"twitter:card\" content=\"summary_large_image\" \/>\n<meta name=\"twitter:label1\" content=\"Estimeret l\u00e6setid\" \/>\n\t<meta name=\"twitter:data1\" content=\"1 minut\" \/>\n<script type=\"application\/ld+json\" class=\"yoast-schema-graph\">{\"@context\":\"https:\\\/\\\/schema.org\",\"@graph\":[{\"@type\":\"Article\",\"@id\":\"https:\\\/\\\/naturogmad.dk\\\/index.php\\\/ud-i-naturen\\\/rewilding\\\/#article\",\"isPartOf\":{\"@id\":\"https:\\\/\\\/naturogmad.dk\\\/index.php\\\/ud-i-naturen\\\/rewilding\\\/\"},\"author\":{\"name\":\"Carl Andersen\",\"@id\":\"https:\\\/\\\/naturogmad.dk\\\/#\\\/schema\\\/person\\\/ef23e94eada8bd9f6ab62ebca3603546\"},\"headline\":\"Rewilding\",\"datePublished\":\"2026-02-13T07:25:33+00:00\",\"dateModified\":\"2026-03-10T02:46:58+00:00\",\"mainEntityOfPage\":{\"@id\":\"https:\\\/\\\/naturogmad.dk\\\/index.php\\\/ud-i-naturen\\\/rewilding\\\/\"},\"wordCount\":96,\"publisher\":{\"@id\":\"https:\\\/\\\/naturogmad.dk\\\/#organization\"},\"image\":{\"@id\":\"https:\\\/\\\/naturogmad.dk\\\/index.php\\\/ud-i-naturen\\\/rewilding\\\/#primaryimage\"},\"thumbnailUrl\":\"https:\\\/\\\/naturogmad.dk\\\/wp-content\\\/uploads\\\/2026\\\/03\\\/Hoejlandskvaeg_1.webp\",\"inLanguage\":\"da-DK\"},{\"@type\":\"WebPage\",\"@id\":\"https:\\\/\\\/naturogmad.dk\\\/index.php\\\/ud-i-naturen\\\/rewilding\\\/\",\"url\":\"https:\\\/\\\/naturogmad.dk\\\/index.php\\\/ud-i-naturen\\\/rewilding\\\/\",\"name\":\"Rewilding - Natur og mad\",\"isPartOf\":{\"@id\":\"https:\\\/\\\/naturogmad.dk\\\/#website\"},\"primaryImageOfPage\":{\"@id\":\"https:\\\/\\\/naturogmad.dk\\\/index.php\\\/ud-i-naturen\\\/rewilding\\\/#primaryimage\"},\"image\":{\"@id\":\"https:\\\/\\\/naturogmad.dk\\\/index.php\\\/ud-i-naturen\\\/rewilding\\\/#primaryimage\"},\"thumbnailUrl\":\"https:\\\/\\\/naturogmad.dk\\\/wp-content\\\/uploads\\\/2026\\\/03\\\/Hoejlandskvaeg_1.webp\",\"datePublished\":\"2026-02-13T07:25:33+00:00\",\"dateModified\":\"2026-03-10T02:46:58+00:00\",\"description\":\"Rewilding er en \u00f8kosystem-genopretningstilgang og betegnelse for processen at genforvilde et \u00f8kosystem til at indeholde elementer\",\"breadcrumb\":{\"@id\":\"https:\\\/\\\/naturogmad.dk\\\/index.php\\\/ud-i-naturen\\\/rewilding\\\/#breadcrumb\"},\"inLanguage\":\"da-DK\",\"potentialAction\":[{\"@type\":\"ReadAction\",\"target\":[\"https:\\\/\\\/naturogmad.dk\\\/index.php\\\/ud-i-naturen\\\/rewilding\\\/\"]}]},{\"@type\":\"ImageObject\",\"inLanguage\":\"da-DK\",\"@id\":\"https:\\\/\\\/naturogmad.dk\\\/index.php\\\/ud-i-naturen\\\/rewilding\\\/#primaryimage\",\"url\":\"https:\\\/\\\/naturogmad.dk\\\/wp-content\\\/uploads\\\/2026\\\/03\\\/Hoejlandskvaeg_1.webp\",\"contentUrl\":\"https:\\\/\\\/naturogmad.dk\\\/wp-content\\\/uploads\\\/2026\\\/03\\\/Hoejlandskvaeg_1.webp\",\"width\":1600,\"height\":575,\"caption\":\"rewilding\"},{\"@type\":\"BreadcrumbList\",\"@id\":\"https:\\\/\\\/naturogmad.dk\\\/index.php\\\/ud-i-naturen\\\/rewilding\\\/#breadcrumb\",\"itemListElement\":[{\"@type\":\"ListItem\",\"position\":1,\"name\":\"Home\",\"item\":\"https:\\\/\\\/naturogmad.dk\\\/\"},{\"@type\":\"ListItem\",\"position\":2,\"name\":\"Ud i naturen\",\"item\":\"https:\\\/\\\/naturogmad.dk\\\/index.php\\\/ud-i-naturen\\\/\"},{\"@type\":\"ListItem\",\"position\":3,\"name\":\"Rewilding\"}]},{\"@type\":\"WebSite\",\"@id\":\"https:\\\/\\\/naturogmad.dk\\\/#website\",\"url\":\"https:\\\/\\\/naturogmad.dk\\\/\",\"name\":\"Natur og mad\",\"description\":\"natur milj\u00f8 biodiversitet landbrug dyrevelf\u00e6rd mad\",\"publisher\":{\"@id\":\"https:\\\/\\\/naturogmad.dk\\\/#organization\"},\"potentialAction\":[{\"@type\":\"SearchAction\",\"target\":{\"@type\":\"EntryPoint\",\"urlTemplate\":\"https:\\\/\\\/naturogmad.dk\\\/?s={search_term_string}\"},\"query-input\":{\"@type\":\"PropertyValueSpecification\",\"valueRequired\":true,\"valueName\":\"search_term_string\"}}],\"inLanguage\":\"da-DK\"},{\"@type\":[\"Organization\",\"Place\"],\"@id\":\"https:\\\/\\\/naturogmad.dk\\\/#organization\",\"name\":\"Natur og mad\",\"url\":\"https:\\\/\\\/naturogmad.dk\\\/\",\"logo\":{\"@id\":\"https:\\\/\\\/naturogmad.dk\\\/index.php\\\/ud-i-naturen\\\/rewilding\\\/#local-main-organization-logo\"},\"image\":{\"@id\":\"https:\\\/\\\/naturogmad.dk\\\/index.php\\\/ud-i-naturen\\\/rewilding\\\/#local-main-organization-logo\"},\"numberOfEmployees\":{\"@type\":\"QuantitativeValue\",\"minValue\":\"1\",\"maxValue\":\"10\"},\"telephone\":[],\"openingHoursSpecification\":[{\"@type\":\"OpeningHoursSpecification\",\"dayOfWeek\":[\"Monday\",\"Tuesday\",\"Wednesday\",\"Thursday\",\"Friday\",\"Saturday\",\"Sunday\"],\"opens\":\"09:00\",\"closes\":\"17:00\"}]},{\"@type\":\"Person\",\"@id\":\"https:\\\/\\\/naturogmad.dk\\\/#\\\/schema\\\/person\\\/ef23e94eada8bd9f6ab62ebca3603546\",\"name\":\"Carl Andersen\",\"image\":{\"@type\":\"ImageObject\",\"inLanguage\":\"da-DK\",\"@id\":\"https:\\\/\\\/secure.gravatar.com\\\/avatar\\\/683d98ff87f1da959f39319e9373482403c78a388a9701137f80709179fec0b3?s=96&d=mm&r=g\",\"url\":\"https:\\\/\\\/secure.gravatar.com\\\/avatar\\\/683d98ff87f1da959f39319e9373482403c78a388a9701137f80709179fec0b3?s=96&d=mm&r=g\",\"contentUrl\":\"https:\\\/\\\/secure.gravatar.com\\\/avatar\\\/683d98ff87f1da959f39319e9373482403c78a388a9701137f80709179fec0b3?s=96&d=mm&r=g\",\"caption\":\"Carl Andersen\"},\"sameAs\":[\"https:\\\/\\\/naturogmad.dk\"],\"url\":\"https:\\\/\\\/naturogmad.dk\\\/index.php\\\/author\\\/admin\\\/\"},{\"@type\":\"ImageObject\",\"inLanguage\":\"da-DK\",\"@id\":\"https:\\\/\\\/naturogmad.dk\\\/index.php\\\/ud-i-naturen\\\/rewilding\\\/#local-main-organization-logo\",\"url\":\"https:\\\/\\\/naturogmad.dk\\\/wp-content\\\/uploads\\\/2026\\\/02\\\/cropped-ikon.webp\",\"contentUrl\":\"https:\\\/\\\/naturogmad.dk\\\/wp-content\\\/uploads\\\/2026\\\/02\\\/cropped-ikon.webp\",\"width\":512,\"height\":512,\"caption\":\"Natur og mad\"}]}<\/script>\n<!-- \/ Yoast SEO Premium plugin. -->","yoast_head_json":{"title":"Rewilding - Natur og mad","description":"Rewilding er en \u00f8kosystem-genopretningstilgang og betegnelse for processen at genforvilde et \u00f8kosystem til at indeholde elementer","robots":{"index":"index","follow":"follow","max-snippet":"max-snippet:-1","max-image-preview":"max-image-preview:large","max-video-preview":"max-video-preview:-1"},"canonical":"https:\/\/naturogmad.dk\/index.php\/ud-i-naturen\/rewilding\/","og_locale":"da_DK","og_type":"article","og_title":"Rewilding","og_description":"Rewilding er en \u00f8kosystem-genopretningstilgang og betegnelse for processen at genforvilde et \u00f8kosystem til at indeholde elementer","og_url":"https:\/\/naturogmad.dk\/index.php\/ud-i-naturen\/rewilding\/","og_site_name":"Natur og mad","article_modified_time":"2026-03-10T02:46:58+00:00","og_image":[{"width":1600,"height":575,"url":"https:\/\/naturogmad.dk\/wp-content\/uploads\/2026\/03\/Hoejlandskvaeg_1.webp","type":"image\/webp"}],"twitter_card":"summary_large_image","twitter_misc":{"Estimeret l\u00e6setid":"1 minut"},"schema":{"@context":"https:\/\/schema.org","@graph":[{"@type":"Article","@id":"https:\/\/naturogmad.dk\/index.php\/ud-i-naturen\/rewilding\/#article","isPartOf":{"@id":"https:\/\/naturogmad.dk\/index.php\/ud-i-naturen\/rewilding\/"},"author":{"name":"Carl Andersen","@id":"https:\/\/naturogmad.dk\/#\/schema\/person\/ef23e94eada8bd9f6ab62ebca3603546"},"headline":"Rewilding","datePublished":"2026-02-13T07:25:33+00:00","dateModified":"2026-03-10T02:46:58+00:00","mainEntityOfPage":{"@id":"https:\/\/naturogmad.dk\/index.php\/ud-i-naturen\/rewilding\/"},"wordCount":96,"publisher":{"@id":"https:\/\/naturogmad.dk\/#organization"},"image":{"@id":"https:\/\/naturogmad.dk\/index.php\/ud-i-naturen\/rewilding\/#primaryimage"},"thumbnailUrl":"https:\/\/naturogmad.dk\/wp-content\/uploads\/2026\/03\/Hoejlandskvaeg_1.webp","inLanguage":"da-DK"},{"@type":"WebPage","@id":"https:\/\/naturogmad.dk\/index.php\/ud-i-naturen\/rewilding\/","url":"https:\/\/naturogmad.dk\/index.php\/ud-i-naturen\/rewilding\/","name":"Rewilding - Natur og mad","isPartOf":{"@id":"https:\/\/naturogmad.dk\/#website"},"primaryImageOfPage":{"@id":"https:\/\/naturogmad.dk\/index.php\/ud-i-naturen\/rewilding\/#primaryimage"},"image":{"@id":"https:\/\/naturogmad.dk\/index.php\/ud-i-naturen\/rewilding\/#primaryimage"},"thumbnailUrl":"https:\/\/naturogmad.dk\/wp-content\/uploads\/2026\/03\/Hoejlandskvaeg_1.webp","datePublished":"2026-02-13T07:25:33+00:00","dateModified":"2026-03-10T02:46:58+00:00","description":"Rewilding er en \u00f8kosystem-genopretningstilgang og betegnelse for processen at genforvilde et \u00f8kosystem til at indeholde elementer","breadcrumb":{"@id":"https:\/\/naturogmad.dk\/index.php\/ud-i-naturen\/rewilding\/#breadcrumb"},"inLanguage":"da-DK","potentialAction":[{"@type":"ReadAction","target":["https:\/\/naturogmad.dk\/index.php\/ud-i-naturen\/rewilding\/"]}]},{"@type":"ImageObject","inLanguage":"da-DK","@id":"https:\/\/naturogmad.dk\/index.php\/ud-i-naturen\/rewilding\/#primaryimage","url":"https:\/\/naturogmad.dk\/wp-content\/uploads\/2026\/03\/Hoejlandskvaeg_1.webp","contentUrl":"https:\/\/naturogmad.dk\/wp-content\/uploads\/2026\/03\/Hoejlandskvaeg_1.webp","width":1600,"height":575,"caption":"rewilding"},{"@type":"BreadcrumbList","@id":"https:\/\/naturogmad.dk\/index.php\/ud-i-naturen\/rewilding\/#breadcrumb","itemListElement":[{"@type":"ListItem","position":1,"name":"Home","item":"https:\/\/naturogmad.dk\/"},{"@type":"ListItem","position":2,"name":"Ud i naturen","item":"https:\/\/naturogmad.dk\/index.php\/ud-i-naturen\/"},{"@type":"ListItem","position":3,"name":"Rewilding"}]},{"@type":"WebSite","@id":"https:\/\/naturogmad.dk\/#website","url":"https:\/\/naturogmad.dk\/","name":"Natur og mad","description":"natur milj\u00f8 biodiversitet landbrug dyrevelf\u00e6rd mad","publisher":{"@id":"https:\/\/naturogmad.dk\/#organization"},"potentialAction":[{"@type":"SearchAction","target":{"@type":"EntryPoint","urlTemplate":"https:\/\/naturogmad.dk\/?s={search_term_string}"},"query-input":{"@type":"PropertyValueSpecification","valueRequired":true,"valueName":"search_term_string"}}],"inLanguage":"da-DK"},{"@type":["Organization","Place"],"@id":"https:\/\/naturogmad.dk\/#organization","name":"Natur og mad","url":"https:\/\/naturogmad.dk\/","logo":{"@id":"https:\/\/naturogmad.dk\/index.php\/ud-i-naturen\/rewilding\/#local-main-organization-logo"},"image":{"@id":"https:\/\/naturogmad.dk\/index.php\/ud-i-naturen\/rewilding\/#local-main-organization-logo"},"numberOfEmployees":{"@type":"QuantitativeValue","minValue":"1","maxValue":"10"},"telephone":[],"openingHoursSpecification":[{"@type":"OpeningHoursSpecification","dayOfWeek":["Monday","Tuesday","Wednesday","Thursday","Friday","Saturday","Sunday"],"opens":"09:00","closes":"17:00"}]},{"@type":"Person","@id":"https:\/\/naturogmad.dk\/#\/schema\/person\/ef23e94eada8bd9f6ab62ebca3603546","name":"Carl Andersen","image":{"@type":"ImageObject","inLanguage":"da-DK","@id":"https:\/\/secure.gravatar.com\/avatar\/683d98ff87f1da959f39319e9373482403c78a388a9701137f80709179fec0b3?s=96&d=mm&r=g","url":"https:\/\/secure.gravatar.com\/avatar\/683d98ff87f1da959f39319e9373482403c78a388a9701137f80709179fec0b3?s=96&d=mm&r=g","contentUrl":"https:\/\/secure.gravatar.com\/avatar\/683d98ff87f1da959f39319e9373482403c78a388a9701137f80709179fec0b3?s=96&d=mm&r=g","caption":"Carl Andersen"},"sameAs":["https:\/\/naturogmad.dk"],"url":"https:\/\/naturogmad.dk\/index.php\/author\/admin\/"},{"@type":"ImageObject","inLanguage":"da-DK","@id":"https:\/\/naturogmad.dk\/index.php\/ud-i-naturen\/rewilding\/#local-main-organization-logo","url":"https:\/\/naturogmad.dk\/wp-content\/uploads\/2026\/02\/cropped-ikon.webp","contentUrl":"https:\/\/naturogmad.dk\/wp-content\/uploads\/2026\/02\/cropped-ikon.webp","width":512,"height":512,"caption":"Natur og mad"}]}},"_links":{"self":[{"href":"https:\/\/naturogmad.dk\/index.php\/wp-json\/wp\/v2\/pages\/720","targetHints":{"allow":["GET"]}}],"collection":[{"href":"https:\/\/naturogmad.dk\/index.php\/wp-json\/wp\/v2\/pages"}],"about":[{"href":"https:\/\/naturogmad.dk\/index.php\/wp-json\/wp\/v2\/types\/page"}],"author":[{"embeddable":true,"href":"https:\/\/naturogmad.dk\/index.php\/wp-json\/wp\/v2\/users\/1"}],"replies":[{"embeddable":true,"href":"https:\/\/naturogmad.dk\/index.php\/wp-json\/wp\/v2\/comments?post=720"}],"version-history":[{"count":0,"href":"https:\/\/naturogmad.dk\/index.php\/wp-json\/wp\/v2\/pages\/720\/revisions"}],"up":[{"embeddable":true,"href":"https:\/\/naturogmad.dk\/index.php\/wp-json\/wp\/v2\/pages\/591"}],"wp:featuredmedia":[{"embeddable":true,"href":"https:\/\/naturogmad.dk\/index.php\/wp-json\/wp\/v2\/media\/1356"}],"wp:attachment":[{"href":"https:\/\/naturogmad.dk\/index.php\/wp-json\/wp\/v2\/media?parent=720"}],"curies":[{"name":"wp","href":"https:\/\/api.w.org\/{rel}","templated":true}]}}